{"id":409,"date":"2017-03-14T10:10:05","date_gmt":"2017-03-14T09:10:05","guid":{"rendered":"http:\/\/koertke.de\/?post_type=product&#038;p=409"},"modified":"2023-08-30T19:52:46","modified_gmt":"2023-08-30T17:52:46","slug":"sterbender-baum-in-duesterer-stimmung","status":"publish","type":"product","link":"https:\/\/koertke.de\/?product=sterbender-baum-in-duesterer-stimmung","title":{"rendered":"Sterbender Baum in d\u00fcsterer Stimmung"},"content":{"rendered":"<p>Sterbendender Baum in d\u00fcsterer Stimmung. Wer wird \u00fcberleben und wie sieht unsere Natur in 20 Jahren aus?<\/p>\n","protected":false},"excerpt":{"rendered":"<p>stirbt nur der Baum oder unsere Natur? Die Geier sind schon da, sie fressen das Aas.<\/p>\n<p>Digitaldruck auf 290 g\/m\u00b2, seidenglanz, R\u00fcckseite nicht bedruckt.<\/p>\n","protected":false},"featured_media":410,"comment_status":"open","ping_status":"closed","template":"","meta":[],"product_cat":[67,62],"product_tag":[89,69,88,79,80,78,63],"jetpack_sharing_enabled":true,"_links":{"self":[{"href":"https:\/\/koertke.de\/index.php?rest_route=\/wp\/v2\/product\/409"}],"collection":[{"href":"https:\/\/koertke.de\/index.php?rest_route=\/wp\/v2\/product"}],"about":[{"href":"https:\/\/koertke.de\/index.php?rest_route=\/wp\/v2\/types\/product"}],"replies":[{"embeddable":true,"href":"https:\/\/koertke.de\/index.php?rest_route=%2Fwp%2Fv2%2Fcomments&post=409"}],"wp:featuredmedia":[{"embeddable":true,"href":"https:\/\/koertke.de\/index.php?rest_route=\/wp\/v2\/media\/410"}],"wp:attachment":[{"href":"https:\/\/koertke.de\/index.php?rest_route=%2Fwp%2Fv2%2Fmedia&parent=409"}],"wp:term":[{"taxonomy":"product_cat","embeddable":true,"href":"https:\/\/koertke.de\/index.php?rest_route=%2Fwp%2Fv2%2Fproduct_cat&post=409"},{"taxonomy":"product_tag","embeddable":true,"href":"https:\/\/koertke.de\/index.php?rest_route=%2Fwp%2Fv2%2Fproduct_tag&post=409"}],"curies":[{"name":"wp","href":"https:\/\/api.w.org\/{rel}","templated":true}]}}