{"id":15198,"date":"2023-09-03T13:07:41","date_gmt":"2023-09-03T11:07:41","guid":{"rendered":"https:\/\/koertke.de\/?post_type=product&#038;p=15198"},"modified":"2023-09-15T17:25:19","modified_gmt":"2023-09-15T15:25:19","slug":"postkarte-gildehaus-uelzen","status":"publish","type":"product","link":"https:\/\/koertke.de\/?product=postkarte-gildehaus-uelzen","title":{"rendered":"Postkarte Gildehaus Uelzen"},"content":{"rendered":"<p>Karte mit einem Bild, coloriert, im Format DIN A6<\/p>\n<p>Eines der \u00e4ltesten H\u00e4user in der Stadt, heute ein hervorragendes Restaurant wo Gem\u00fctlichkeit und Gastfreundschaft gro\u00df geschrieben wird.<\/p>\n","protected":false},"excerpt":{"rendered":"<p>Karte mit einem Bild, coloriert, im Format DIN A6<\/p>\n","protected":false},"featured_media":419,"comment_status":"open","ping_status":"closed","template":"","meta":[],"product_cat":[198,67,223],"product_tag":[536,63,534,64,535],"jetpack_sharing_enabled":true,"_links":{"self":[{"href":"https:\/\/koertke.de\/index.php?rest_route=\/wp\/v2\/product\/15198"}],"collection":[{"href":"https:\/\/koertke.de\/index.php?rest_route=\/wp\/v2\/product"}],"about":[{"href":"https:\/\/koertke.de\/index.php?rest_route=\/wp\/v2\/types\/product"}],"replies":[{"embeddable":true,"href":"https:\/\/koertke.de\/index.php?rest_route=%2Fwp%2Fv2%2Fcomments&post=15198"}],"wp:featuredmedia":[{"embeddable":true,"href":"https:\/\/koertke.de\/index.php?rest_route=\/wp\/v2\/media\/419"}],"wp:attachment":[{"href":"https:\/\/koertke.de\/index.php?rest_route=%2Fwp%2Fv2%2Fmedia&parent=15198"}],"wp:term":[{"taxonomy":"product_cat","embeddable":true,"href":"https:\/\/koertke.de\/index.php?rest_route=%2Fwp%2Fv2%2Fproduct_cat&post=15198"},{"taxonomy":"product_tag","embeddable":true,"href":"https:\/\/koertke.de\/index.php?rest_route=%2Fwp%2Fv2%2Fproduct_tag&post=15198"}],"curies":[{"name":"wp","href":"https:\/\/api.w.org\/{rel}","templated":true}]}}