{"id":1147,"date":"2018-12-08T09:28:53","date_gmt":"2018-12-08T08:28:53","guid":{"rendered":"http:\/\/koertke.de\/?post_type=product&#038;p=1147"},"modified":"2018-12-08T09:28:54","modified_gmt":"2018-12-08T08:28:54","slug":"buergerfruehstueck-uelzen","status":"publish","type":"product","link":"https:\/\/koertke.de\/?product=buergerfruehstueck-uelzen","title":{"rendered":"B\u00fcrgerfr\u00fchst\u00fcck Uelzen"},"content":{"rendered":"<p>Ein Aquarell des B\u00fcrgerfr\u00fchst\u00fcck in der Stadt Uelzen auf der Rathauskreuzung mit Blick auf das T\u00f6binghaus.<br \/>\nAquarell auf Leinwand 40 x 30 cm<\/p>\n","protected":false},"excerpt":{"rendered":"<p>Ein Aquarell des B\u00fcrgerfr\u00fchst\u00fcck in der Stadt Uelzen auf der Rathauskreuzung mit Blick auf das T\u00f6binghaus. Aquarell auf Leinwand 40 x 30 cm<\/p>\n","protected":false},"featured_media":1148,"comment_status":"closed","ping_status":"closed","template":"","meta":[],"product_cat":[67,62,223],"product_tag":[68,89,184,79,55,63,151,64],"jetpack_sharing_enabled":true,"_links":{"self":[{"href":"https:\/\/koertke.de\/index.php?rest_route=\/wp\/v2\/product\/1147"}],"collection":[{"href":"https:\/\/koertke.de\/index.php?rest_route=\/wp\/v2\/product"}],"about":[{"href":"https:\/\/koertke.de\/index.php?rest_route=\/wp\/v2\/types\/product"}],"replies":[{"embeddable":true,"href":"https:\/\/koertke.de\/index.php?rest_route=%2Fwp%2Fv2%2Fcomments&post=1147"}],"wp:featuredmedia":[{"embeddable":true,"href":"https:\/\/koertke.de\/index.php?rest_route=\/wp\/v2\/media\/1148"}],"wp:attachment":[{"href":"https:\/\/koertke.de\/index.php?rest_route=%2Fwp%2Fv2%2Fmedia&parent=1147"}],"wp:term":[{"taxonomy":"product_cat","embeddable":true,"href":"https:\/\/koertke.de\/index.php?rest_route=%2Fwp%2Fv2%2Fproduct_cat&post=1147"},{"taxonomy":"product_tag","embeddable":true,"href":"https:\/\/koertke.de\/index.php?rest_route=%2Fwp%2Fv2%2Fproduct_tag&post=1147"}],"curies":[{"name":"wp","href":"https:\/\/api.w.org\/{rel}","templated":true}]}}